(2). Calculate the highest common factor of 15 and q.
15
Let f(h) = 21*h + 5. Let z be 1/(-1 + (-12)/(-10)). Let l be f(z). Calculate the highest common factor of 22 and l.
22
Suppose 3*f = -3*x + 24, 13*f = 3*x + 14*f - 18. Calculate the highest common divisor of 25 and x.
5
Let f = 14 + -9. Suppose f*v - 95 - 130 = 0. Let g(i) = i + 16. Let r be g(-7). What is the highest common divisor of r and v?
9
Let s(p) = p**2 - 7*p + 3. Let l = 5 + 2. Let j be s(l). Calculate the greatest common divisor of 6 and j.
3
Suppose 4*d - 2*d = 8. Suppose 2*m + s = 50, d*m - 38 = -s + 62. Let q(n) = -n + 10. Let x be q(0). Calculate the highest common factor of m and x.
5
Let p = 11 + 9. Let x(s) = 26*s - 16. Let h be x(6). What is the highest common divisor of h and p?
20
Let j = 378 - 258. Calculate the highest common divisor of 15 and j.
15
Let b(t) = -t**3 + 4*t**2 + 5*t + 3. Let x be b(5). Let s = -3 + x. Suppose -2*h + 10 = -s. Calculate the greatest common divisor of h and 55.
5
Let t(c) = -6*c + 43. Let k be t(6). Calculate the greatest common divisor of k and 35.
7
Suppose 30 = 3*h + 3*l, -4*l - l = 2*h - 14. Suppose 2*j + h = 6*j. Let s = -42 + 44. Calculate the greatest common divisor of s and j.
1
Let s be (-9)/6*(-6 + 0/3). What is the greatest common factor of 99 and s?
9
Let a be 1 + (-1 - 14*-8). Let j(u) = -141*u**3 + 2*u**2 + u. Let p be j(-1). Let v be p/9 + (-8)/(-36). Calculate the highest common factor of v and a.
16
Let r be ((-2)/4)/(1/(-10)). Suppose r*d - 2*d - 2*s = 22, 30 = d + 5*s. Let f be 278/7 + (-20)/(-70). Calculate the highest common divisor of d and f.
10
Let c = 2 + 12. What is the greatest common divisor of 14 and c?
14
Suppose 0 = 2*x + 3*x - 115. What is the greatest common factor of x and 1?
1
Let d(g) = -6*g - 2. Let t be d(-5). Calculate the greatest common divisor of 14 and t.
14
Let s(b) = -b + 14. Let w be s(11). Suppose 2*o = w*o - 15. What is the highest common factor of o and 165?
15
Suppose 5*s - 3*s - 23 = 5*l, 0 = s + 2*l + 2. Let x = s - 0. Let n be 47 - (-2 + (-4 - -9)). Calculate the highest common divisor of x and n.
4
Let w = -2 - -18. Suppose -3*y - w = -5*z, 0*y + 3*z = 2*y + 10. Let u = y + 4. What is the greatest common factor of u and 10?
2
Suppose 6*a + 60 - 168 = 0. What is the highest common divisor of a and 9?
9
Let q(k) = -k + 13 - 3 + 0*k. Let y be (-42)/(-4)*(-2)/(-3). Let b be q(y). What is the greatest common factor of b and 1?
1
Suppose 2*o - v = 14, 5*v - 6 = -o - 21. Suppose m - o + 3 = 0. Suppose 10 = -m*y, 4*y - 10 = f - 32. Calculate the greatest common divisor of 16 and f.
2
Let z = 4 + 10. Calculate the highest common divisor of z and 2.
2
Suppose -5*a + 4*q + 36 = -a, a = -q + 9. Calculate the greatest common factor of a and 63.
9
Let b be 6/(0 + 1) + 13 + -15. What is the greatest common factor of 2 and b?
2
Let v(l) = l**3 - 6*l**2 + 4. Let i be v(6). Suppose 0*q - 8 = -3*h - 5*q, 0 = 5*h - i*q - 75. Calculate the highest common factor of 22 and h.
11
Suppose -4*f - 4*d + 52 = 0, 2 + 3 = -d. Let y = f + -13. What is the greatest common divisor of 25 and y?
5
Suppose -3*x + 15 = 2*x. Suppose -y = -x*y + 10. Suppose 4*i = -2*v + 14, 0*v + 20 = y*v + 5*i. What is the greatest common factor of v and 2?
1
Suppose -4*q + 61 = 2*n - 51, -340 = -5*n + 5*q. Calculate the greatest common divisor of 16 and n.
16
Suppose d = 7 + 26. Let g = -4 + 15. Calculate the highest common factor of g and d.
11
Suppose 12 - 129 = -3*d. Let o(j) = j**2 + 8*j - 6. Let w be o(6). Suppose 3*g + 0*g - w = 0. What is the greatest common factor of g and d?
13
Suppose o - 5*o = -24. What is the highest common divisor of o and 24?
6
Let i = 83 - 53. Suppose -h - z + 20 = z, -3*h = z - 35. Calculate the highest common divisor of h and i.
10
Suppose 0 = 3*m - 0*m - 1464. Suppose -163 = 5*n - m. Calculate the greatest common divisor of n and 26.
13
Let k be (-4)/(-18) + (-2750)/(-99). What is the greatest common divisor of 14 and k?
14
Let z = -2 - -8. Suppose -h - 5 = -z*h. Let f be (-3)/1*5/(-15). What is the greatest common factor of f and h?
1
Let z(k) = -77*k + 3. Let r be z(-1). Calculate the highest common factor of 16 and r.
16
Let s(n) = 2*n**2 - 6*n - 1. Let x be s(5). Suppose -5 = 2*o - x. Let w be (1 - 6/(-8))*32. Calculate the highest common factor of o and w.
7
Let a(p) = -2 - 5*p**3 + 3*p - 5*p + p + 7*p**2 + 6*p**3. Let c be a(-7). Calculate the greatest common factor of 40 and c.
5
Let i(h) = h**3 - 5*h**2 + 4*h + 12. Let g be i(6). What is the highest common factor of g and 8?
8
Suppose 0 = -4*h - 0*h + 232. Suppose 0 = -2*r + 199 + 91. Calculate the highest common divisor of r and h.
29
Let p be (2/3)/((2/153)/2). What is the highest common factor of 68 and p?
34
Suppose y = -2*y + 555. Let t(g) = 26*g - 4. Let a be t(3). What is the greatest common factor of a and y?
37
Suppose 5*s = j + 842 + 30, -5*s + 866 = -3*j. What is the greatest common divisor of s and 25?
25
Let l(x) = -3 + 4*x**2 - 1 - 5 - x + 8. Suppose 3*o - 2 = 5*o. Let f be l(o). What is the highest common divisor of 44 and f?
4
Let h = -2 - -3. Let c(l) = -5 - 2 + h - 6*l. Let d be c(-5). What is the highest common factor of d and 16?
8
Let c be -1*(-1 - (-2 - 0)). Let l = 5 + -15. Let g = c - l. Calculate the highest common divisor of g and 1.
1
Let a(j) = 4*j - 6. Let d be a(6). Calculate the highest common factor of d and 27.
9
Suppose 6*i - 315 = -i. Calculate the greatest common divisor of i and 5.
5
Let r(u) = 9*u + 9. Let d be r(0). Let g be 6/(22/18 - 1). Calculate the highest common divisor of g and d.
9
Let g be 1*(-3)/((-9)/24). Suppose -3*q = -q - 5*n - 28, g = -4*n. Suppose q = j - 7. Calculate the highest common divisor of 40 and j.
8
Let z be 8/12 + 37/3. Let t = 17 + z. What is the greatest common divisor of t and 150?
30
Let k = 356 + -167. What is the highest common divisor of 7 and k?
7
Let p(b) = b - 6. Let m be p(-5). Let h be (-165)/(-1) + (-8 - m). What is the greatest common factor of 21 and h?
21
Suppose 3*p = 6 + 12. Let u be 3/(-5) + p/(-15). Let z be (u + 5)*1*4. Calculate the greatest common factor of 144 and z.
16
Let k = 144 + -64. Calculate the greatest common divisor of 10 and k.
10
Let z = -101 - -126. What is the greatest common divisor of 10 and z?
5
Let a = -1 + -2. Let x be a/6 - 26/(-4). Calculate the greatest common divisor of 4 and x.
2
Let q = 265 + -175. Calculate the highest common divisor of q and 10.
10
Let k be 6/(-9)*(-2 + -1). Suppose -71 = -k*w + q, -w - 4*w + 185 = -4*q. Calculate the highest common factor of 3 and w.
3
Let i = -3 - -29. Let z = -12 + i. Let w be (-5 + (0 - -4))*-70. What is the greatest common factor of w and z?
14
Suppose 3*f - 521 = -d - 3*d, -131 = -d - f. Let n = 43 + -27. Calculate the greatest common divisor of d and n.
16
Suppose -3*c - h = -67, -c - 2*c - 4*h = -52. Let a = 12 + 4. What is the highest common factor of c and a?
8
Suppose -3*u + 12 = 0, -2*u + 68 = 4*b + 3*u. Suppose -3*t = 49 - 445. What is the highest common factor of b and t?
12
Let q = 7 - 5. Let x be -10*((-42)/15 + q). What is the greatest common factor of x and 64?
8
Let l(p) = p**2 - 6*p - 2. Let f be l(8). Let g be (-52)/(-14) + 4/f. Suppose -g*w = -5*w + 12. What is the highest common factor of w and 12?
12
Let h = 28 + -4. Suppose 2*d + d = 9. What is the highest common divisor of d and h?
3
Suppose 0*o = -o + 2. Suppose o*m - 5 = -1. Calculate the greatest common divisor of 8 and m.
2
Let y = -1 + 5. Let v(q) = q + 1. Let r be v(y). What is the highest common divisor of r and 35?
5
Let u = 119 + -95. What is the highest common divisor of u and 264?
24
Let r be (-6)/(5/160*-6). Calculate the highest common divisor of 8 and r.
8
Suppose -4*u = -5*t + 6, 2*u - 10 = -3*t - 2. Suppose -t*s + 106 = -j, -5*s - j + 164 = -2*s. What is the greatest common factor of s and 36?
18
Let z = -22 + 41. Calculate the greatest common divisor of 38 and z.
19
Let k be 2/2 + 2*96. Suppose 0 = 3*y + 49 - k. Suppose -4*f + u + u = -54, 5*f + u - 57 = 0. Calculate the greatest common factor of y and f.
12
Suppose 180 = 3*o + 3*o. Calculate the greatest common factor of o and 30.
30
Let l = 21 - -2. Calculate the greatest common factor of 92 and l.
23
Suppose -379 = -4*q + 2*l - l, -5*q + 474 = -l